{"id":2738,"date":"2023-01-19T20:50:19","date_gmt":"2023-01-19T19:50:19","guid":{"rendered":"https:\/\/fundacioncomillas.es\/?post_type=profesor&#038;p=2738"},"modified":"2026-04-17T09:46:27","modified_gmt":"2026-04-17T07:46:27","slug":"cristina-martin-sanz","status":"publish","type":"profesor","link":"https:\/\/fundacioncomillas.es\/fr\/profesor\/cristina-martin-sanz\/","title":{"rendered":"Cristina Mart\u00edn Sanz (Subdirectora del Departamento en Estudios Hisp\u00e1nicos)"},"content":{"rendered":"","protected":false},"featured_media":2684,"template":"","meta":{"_acf_changed":false,"om_disable_all_campaigns":false,"_monsterinsights_skip_tracking":false,"_monsterinsights_sitenote_active":false,"_monsterinsights_sitenote_note":"","_monsterinsights_sitenote_category":0,"_uf_show_specific_survey":0,"_uf_disable_surveys":false,"_links_to":"","_links_to_target":""},"categoria_del_profesor":[87],"class_list":["post-2738","profesor","type-profesor","status-publish","has-post-thumbnail","hentry","categoria_del_profesor-profesores-del-centro"],"acf":[],"yoast_head":"<!-- This site is optimized with the Yoast SEO plugin v27.4 - https:\/\/yoast.com\/product\/yoast-seo-wordpress\/ -->\n<title>Cristina Mart\u00edn Sanz | profesora del CIESE-Fundaci\u00f3n Comillas<\/title>\n<meta name=\"description\" content=\"Cristina Mart\u00edn Sanz, es profesora del \u00e1rea de literatura en el CIESE-Fundaci\u00f3n Comillas, centro universitario adscrito a la Univ. de...\" \/>\n<meta name=\"robots\" content=\"index, follow, max-snippet:-1, max-image-preview:large, max-video-preview:-1\" \/>\n<link rel=\"canonical\" href=\"https:\/\/fundacioncomillas.es\/fr\/profesor\/cristina-martin-sanz\/\" \/>\n<meta property=\"og:locale\" content=\"fr_FR\" \/>\n<meta property=\"og:type\" content=\"article\" \/>\n<meta property=\"og:title\" content=\"Cristina Mart\u00edn Sanz | profesora del CIESE-Fundaci\u00f3n Comillas\" \/>\n<meta property=\"og:description\" content=\"Cristina Mart\u00edn Sanz, es profesora del \u00e1rea de literatura en el CIESE-Fundaci\u00f3n Comillas, centro universitario adscrito a la Univ. de...\" \/>\n<meta property=\"og:url\" content=\"https:\/\/fundacioncomillas.es\/fr\/profesor\/cristina-martin-sanz\/\" \/>\n<meta property=\"og:site_name\" content=\"Fundaci\u00f3n Comillas\" \/>\n<meta property=\"article:publisher\" content=\"https:\/\/www.facebook.com\/ciese.comillas\" \/>\n<meta property=\"article:modified_time\" content=\"2026-04-17T07:46:27+00:00\" \/>\n<meta property=\"og:image\" content=\"https:\/\/fundacioncomillas.es\/wp-content\/uploads\/2023\/01\/cristina-martin-sanz.jpg\" \/>\n\t<meta property=\"og:image:width\" content=\"500\" \/>\n\t<meta property=\"og:image:height\" content=\"500\" \/>\n\t<meta property=\"og:image:type\" content=\"image\/jpeg\" \/>\n<meta name=\"twitter:card\" content=\"summary_large_image\" \/>\n<meta name=\"twitter:site\" content=\"@CIESEComillas\" \/>\n<meta name=\"twitter:label1\" content=\"Dur\u00e9e de lecture estim\u00e9e\" \/>\n\t<meta name=\"twitter:data1\" content=\"1 minute\" \/>\n<script type=\"application\/ld+json\" class=\"yoast-schema-graph\">{\"@context\":\"https:\\\/\\\/schema.org\",\"@graph\":[{\"@type\":\"WebPage\",\"@id\":\"https:\\\/\\\/fundacioncomillas.es\\\/fr\\\/profesor\\\/cristina-martin-sanz\\\/\",\"url\":\"https:\\\/\\\/fundacioncomillas.es\\\/fr\\\/profesor\\\/cristina-martin-sanz\\\/\",\"name\":\"Cristina Mart\u00edn Sanz | profesora del CIESE-Fundaci\u00f3n Comillas\",\"isPartOf\":{\"@id\":\"https:\\\/\\\/fundacioncomillas.es\\\/fr\\\/#website\"},\"primaryImageOfPage\":{\"@id\":\"https:\\\/\\\/fundacioncomillas.es\\\/fr\\\/profesor\\\/cristina-martin-sanz\\\/#primaryimage\"},\"image\":{\"@id\":\"https:\\\/\\\/fundacioncomillas.es\\\/fr\\\/profesor\\\/cristina-martin-sanz\\\/#primaryimage\"},\"thumbnailUrl\":\"https:\\\/\\\/fundacioncomillas.es\\\/wp-content\\\/uploads\\\/2023\\\/01\\\/cristina-martin-sanz.jpg\",\"datePublished\":\"2023-01-19T19:50:19+00:00\",\"dateModified\":\"2026-04-17T07:46:27+00:00\",\"description\":\"Cristina Mart\u00edn Sanz, es profesora del \u00e1rea de literatura en el CIESE-Fundaci\u00f3n Comillas, centro universitario adscrito a la Univ. de...\",\"breadcrumb\":{\"@id\":\"https:\\\/\\\/fundacioncomillas.es\\\/fr\\\/profesor\\\/cristina-martin-sanz\\\/#breadcrumb\"},\"inLanguage\":\"fr-FR\",\"potentialAction\":[{\"@type\":\"ReadAction\",\"target\":[\"https:\\\/\\\/fundacioncomillas.es\\\/fr\\\/profesor\\\/cristina-martin-sanz\\\/\"]}]},{\"@type\":\"ImageObject\",\"inLanguage\":\"fr-FR\",\"@id\":\"https:\\\/\\\/fundacioncomillas.es\\\/fr\\\/profesor\\\/cristina-martin-sanz\\\/#primaryimage\",\"url\":\"https:\\\/\\\/fundacioncomillas.es\\\/wp-content\\\/uploads\\\/2023\\\/01\\\/cristina-martin-sanz.jpg\",\"contentUrl\":\"https:\\\/\\\/fundacioncomillas.es\\\/wp-content\\\/uploads\\\/2023\\\/01\\\/cristina-martin-sanz.jpg\",\"width\":500,\"height\":500,\"caption\":\"Cristina Mart\u00edn Sanz\"},{\"@type\":\"BreadcrumbList\",\"@id\":\"https:\\\/\\\/fundacioncomillas.es\\\/fr\\\/profesor\\\/cristina-martin-sanz\\\/#breadcrumb\",\"itemListElement\":[{\"@type\":\"ListItem\",\"position\":1,\"name\":\"Portada\",\"item\":\"https:\\\/\\\/fundacioncomillas.es\\\/fr\\\/\"},{\"@type\":\"ListItem\",\"position\":2,\"name\":\"Cristina Mart\u00edn Sanz (Subdirectora del Departamento en Estudios Hisp\u00e1nicos)\"}]},{\"@type\":\"WebSite\",\"@id\":\"https:\\\/\\\/fundacioncomillas.es\\\/fr\\\/#website\",\"url\":\"https:\\\/\\\/fundacioncomillas.es\\\/fr\\\/\",\"name\":\"Fundaci\u00f3n Comillas\",\"description\":\"La Fundaci\u00f3n Comillas del Espa\u00f1ol y la Cultura Hisp\u00e1nica\",\"publisher\":{\"@id\":\"https:\\\/\\\/fundacioncomillas.es\\\/fr\\\/#organization\"},\"potentialAction\":[{\"@type\":\"SearchAction\",\"target\":{\"@type\":\"EntryPoint\",\"urlTemplate\":\"https:\\\/\\\/fundacioncomillas.es\\\/fr\\\/?s={search_term_string}\"},\"query-input\":{\"@type\":\"PropertyValueSpecification\",\"valueRequired\":true,\"valueName\":\"search_term_string\"}}],\"inLanguage\":\"fr-FR\"},{\"@type\":\"Organization\",\"@id\":\"https:\\\/\\\/fundacioncomillas.es\\\/fr\\\/#organization\",\"name\":\"Fundaci\u00f3n Comillas\",\"alternateName\":\"Fundaci\u00f3n Comillas - CIESE\",\"url\":\"https:\\\/\\\/fundacioncomillas.es\\\/fr\\\/\",\"logo\":{\"@type\":\"ImageObject\",\"inLanguage\":\"fr-FR\",\"@id\":\"https:\\\/\\\/fundacioncomillas.es\\\/fr\\\/#\\\/schema\\\/logo\\\/image\\\/\",\"url\":\"https:\\\/\\\/fundacioncomillas.es\\\/wp-content\\\/uploads\\\/2023\\\/04\\\/logo-fundacion-comillas-.png\",\"contentUrl\":\"https:\\\/\\\/fundacioncomillas.es\\\/wp-content\\\/uploads\\\/2023\\\/04\\\/logo-fundacion-comillas-.png\",\"width\":548,\"height\":536,\"caption\":\"Fundaci\u00f3n Comillas\"},\"image\":{\"@id\":\"https:\\\/\\\/fundacioncomillas.es\\\/fr\\\/#\\\/schema\\\/logo\\\/image\\\/\"},\"sameAs\":[\"https:\\\/\\\/www.facebook.com\\\/ciese.comillas\",\"https:\\\/\\\/x.com\\\/CIESEComillas\",\"https:\\\/\\\/www.instagram.com\\\/uniciesecomillas\\\/\",\"https:\\\/\\\/www.linkedin.com\\\/company\\\/fundacion-comillas\\\/\",\"https:\\\/\\\/www.youtube.com\\\/user\\\/fundacioncomillas\",\"https:\\\/\\\/twitter.com\\\/FundComillas\",\"https:\\\/\\\/www.linkedin.com\\\/company\\\/1533960\\\/admin\\\/\"]}]}<\/script>\n<!-- \/ Yoast SEO plugin. -->","yoast_head_json":{"title":"Cristina Mart\u00edn Sanz | profesora del CIESE-Fundaci\u00f3n Comillas","description":"Cristina Mart\u00edn Sanz, es profesora del \u00e1rea de literatura en el CIESE-Fundaci\u00f3n Comillas, centro universitario adscrito a la Univ. de...","robots":{"index":"index","follow":"follow","max-snippet":"max-snippet:-1","max-image-preview":"max-image-preview:large","max-video-preview":"max-video-preview:-1"},"canonical":"https:\/\/fundacioncomillas.es\/fr\/profesor\/cristina-martin-sanz\/","og_locale":"fr_FR","og_type":"article","og_title":"Cristina Mart\u00edn Sanz | profesora del CIESE-Fundaci\u00f3n Comillas","og_description":"Cristina Mart\u00edn Sanz, es profesora del \u00e1rea de literatura en el CIESE-Fundaci\u00f3n Comillas, centro universitario adscrito a la Univ. de...","og_url":"https:\/\/fundacioncomillas.es\/fr\/profesor\/cristina-martin-sanz\/","og_site_name":"Fundaci\u00f3n Comillas","article_publisher":"https:\/\/www.facebook.com\/ciese.comillas","article_modified_time":"2026-04-17T07:46:27+00:00","og_image":[{"width":500,"height":500,"url":"https:\/\/fundacioncomillas.es\/wp-content\/uploads\/2023\/01\/cristina-martin-sanz.jpg","type":"image\/jpeg"}],"twitter_card":"summary_large_image","twitter_site":"@CIESEComillas","twitter_misc":{"Dur\u00e9e de lecture estim\u00e9e":"1 minute"},"schema":{"@context":"https:\/\/schema.org","@graph":[{"@type":"WebPage","@id":"https:\/\/fundacioncomillas.es\/fr\/profesor\/cristina-martin-sanz\/","url":"https:\/\/fundacioncomillas.es\/fr\/profesor\/cristina-martin-sanz\/","name":"Cristina Mart\u00edn Sanz | profesora del CIESE-Fundaci\u00f3n Comillas","isPartOf":{"@id":"https:\/\/fundacioncomillas.es\/fr\/#website"},"primaryImageOfPage":{"@id":"https:\/\/fundacioncomillas.es\/fr\/profesor\/cristina-martin-sanz\/#primaryimage"},"image":{"@id":"https:\/\/fundacioncomillas.es\/fr\/profesor\/cristina-martin-sanz\/#primaryimage"},"thumbnailUrl":"https:\/\/fundacioncomillas.es\/wp-content\/uploads\/2023\/01\/cristina-martin-sanz.jpg","datePublished":"2023-01-19T19:50:19+00:00","dateModified":"2026-04-17T07:46:27+00:00","description":"Cristina Mart\u00edn Sanz, es profesora del \u00e1rea de literatura en el CIESE-Fundaci\u00f3n Comillas, centro universitario adscrito a la Univ. de...","breadcrumb":{"@id":"https:\/\/fundacioncomillas.es\/fr\/profesor\/cristina-martin-sanz\/#breadcrumb"},"inLanguage":"fr-FR","potentialAction":[{"@type":"ReadAction","target":["https:\/\/fundacioncomillas.es\/fr\/profesor\/cristina-martin-sanz\/"]}]},{"@type":"ImageObject","inLanguage":"fr-FR","@id":"https:\/\/fundacioncomillas.es\/fr\/profesor\/cristina-martin-sanz\/#primaryimage","url":"https:\/\/fundacioncomillas.es\/wp-content\/uploads\/2023\/01\/cristina-martin-sanz.jpg","contentUrl":"https:\/\/fundacioncomillas.es\/wp-content\/uploads\/2023\/01\/cristina-martin-sanz.jpg","width":500,"height":500,"caption":"Cristina Mart\u00edn Sanz"},{"@type":"BreadcrumbList","@id":"https:\/\/fundacioncomillas.es\/fr\/profesor\/cristina-martin-sanz\/#breadcrumb","itemListElement":[{"@type":"ListItem","position":1,"name":"Portada","item":"https:\/\/fundacioncomillas.es\/fr\/"},{"@type":"ListItem","position":2,"name":"Cristina Mart\u00edn Sanz (Subdirectora del Departamento en Estudios Hisp\u00e1nicos)"}]},{"@type":"WebSite","@id":"https:\/\/fundacioncomillas.es\/fr\/#website","url":"https:\/\/fundacioncomillas.es\/fr\/","name":"Fundaci\u00f3n Comillas","description":"La Fundaci\u00f3n Comillas del Espa\u00f1ol y la Cultura Hisp\u00e1nica","publisher":{"@id":"https:\/\/fundacioncomillas.es\/fr\/#organization"},"potentialAction":[{"@type":"SearchAction","target":{"@type":"EntryPoint","urlTemplate":"https:\/\/fundacioncomillas.es\/fr\/?s={search_term_string}"},"query-input":{"@type":"PropertyValueSpecification","valueRequired":true,"valueName":"search_term_string"}}],"inLanguage":"fr-FR"},{"@type":"Organization","@id":"https:\/\/fundacioncomillas.es\/fr\/#organization","name":"Fundaci\u00f3n Comillas","alternateName":"Fundaci\u00f3n Comillas - CIESE","url":"https:\/\/fundacioncomillas.es\/fr\/","logo":{"@type":"ImageObject","inLanguage":"fr-FR","@id":"https:\/\/fundacioncomillas.es\/fr\/#\/schema\/logo\/image\/","url":"https:\/\/fundacioncomillas.es\/wp-content\/uploads\/2023\/04\/logo-fundacion-comillas-.png","contentUrl":"https:\/\/fundacioncomillas.es\/wp-content\/uploads\/2023\/04\/logo-fundacion-comillas-.png","width":548,"height":536,"caption":"Fundaci\u00f3n Comillas"},"image":{"@id":"https:\/\/fundacioncomillas.es\/fr\/#\/schema\/logo\/image\/"},"sameAs":["https:\/\/www.facebook.com\/ciese.comillas","https:\/\/x.com\/CIESEComillas","https:\/\/www.instagram.com\/uniciesecomillas\/","https:\/\/www.linkedin.com\/company\/fundacion-comillas\/","https:\/\/www.youtube.com\/user\/fundacioncomillas","https:\/\/twitter.com\/FundComillas","https:\/\/www.linkedin.com\/company\/1533960\/admin\/"]}]}},"_links":{"self":[{"href":"https:\/\/fundacioncomillas.es\/fr\/wp-json\/wp\/v2\/profesor\/2738","targetHints":{"allow":["GET"]}}],"collection":[{"href":"https:\/\/fundacioncomillas.es\/fr\/wp-json\/wp\/v2\/profesor"}],"about":[{"href":"https:\/\/fundacioncomillas.es\/fr\/wp-json\/wp\/v2\/types\/profesor"}],"wp:featuredmedia":[{"embeddable":true,"href":"https:\/\/fundacioncomillas.es\/fr\/wp-json\/wp\/v2\/media\/2684"}],"wp:attachment":[{"href":"https:\/\/fundacioncomillas.es\/fr\/wp-json\/wp\/v2\/media?parent=2738"}],"wp:term":[{"taxonomy":"categoria_del_profesor","embeddable":true,"href":"https:\/\/fundacioncomillas.es\/fr\/wp-json\/wp\/v2\/categoria_del_profesor?post=2738"}],"curies":[{"name":"wp","href":"https:\/\/api.w.org\/{rel}","templated":true}]}}

Cristina Martín Sanz (Subdirectora del Departamento en Estudios Hispánicos)

<!-- This site is optimized with the Yoast SEO plugin v27.4 - https://yoast.com/product/yoast-seo-wordpress/ -->
<title>Cristina Martín Sanz | profesora del CIESE-Fundación Comillas</title>
<meta name="description" content="Cristina Martín Sanz, es profesora del área de literatura en el CIESE-Fundación Comillas, centro universitario adscrito a la Univ. de..." />
<meta name="robots" content="index, follow, max-snippet:-1, max-image-preview:large, max-video-preview:-1" />
<link rel="canonical" href="https://fundacioncomillas.es/fr/profesor/cristina-martin-sanz/" />
<meta property="og:locale" content="fr_FR" />
<meta property="og:type" content="article" />
<meta property="og:title" content="Cristina Martín Sanz | profesora del CIESE-Fundación Comillas" />
<meta property="og:description" content="Cristina Martín Sanz, es profesora del área de literatura en el CIESE-Fundación Comillas, centro universitario adscrito a la Univ. de..." />
<meta property="og:url" content="https://fundacioncomillas.es/fr/profesor/cristina-martin-sanz/" />
<meta property="og:site_name" content="Fundación Comillas" />
<meta property="article:publisher" content="https://www.facebook.com/ciese.comillas" />
<meta property="article:modified_time" content="2026-04-17T07:46:27+00:00" />
<meta property="og:image" content="https://fundacioncomillas.es/wp-content/uploads/2023/01/cristina-martin-sanz.jpg" />
	<meta property="og:image:width" content="500" />
	<meta property="og:image:height" content="500" />
	<meta property="og:image:type" content="image/jpeg" />
<meta name="twitter:card" content="summary_large_image" />
<meta name="twitter:site" content="@CIESEComillas" />
<meta name="twitter:label1" content="Durée de lecture estimée" />
	<meta name="twitter:data1" content="1 minute" />
<script type="application/ld+json" class="yoast-schema-graph">{"@context":"https:\/\/schema.org","@graph":[{"@type":"WebPage","@id":"https:\/\/fundacioncomillas.es\/fr\/profesor\/cristina-martin-sanz\/","url":"https:\/\/fundacioncomillas.es\/fr\/profesor\/cristina-martin-sanz\/","name":"Cristina Martín Sanz | profesora del CIESE-Fundación Comillas","isPartOf":{"@id":"https:\/\/fundacioncomillas.es\/fr\/#website"},"primaryImageOfPage":{"@id":"https:\/\/fundacioncomillas.es\/fr\/profesor\/cristina-martin-sanz\/#primaryimage"},"image":{"@id":"https:\/\/fundacioncomillas.es\/fr\/profesor\/cristina-martin-sanz\/#primaryimage"},"thumbnailUrl":"https:\/\/fundacioncomillas.es\/wp-content\/uploads\/2023\/01\/cristina-martin-sanz.jpg","datePublished":"2023-01-19T19:50:19+00:00","dateModified":"2026-04-17T07:46:27+00:00","description":"Cristina Martín Sanz, es profesora del área de literatura en el CIESE-Fundación Comillas, centro universitario adscrito a la Univ. de...","breadcrumb":{"@id":"https:\/\/fundacioncomillas.es\/fr\/profesor\/cristina-martin-sanz\/#breadcrumb"},"inLanguage":"fr-FR","potentialAction":[{"@type":"ReadAction","target":["https:\/\/fundacioncomillas.es\/fr\/profesor\/cristina-martin-sanz\/"]}]},{"@type":"ImageObject","inLanguage":"fr-FR","@id":"https:\/\/fundacioncomillas.es\/fr\/profesor\/cristina-martin-sanz\/#primaryimage","url":"https:\/\/fundacioncomillas.es\/wp-content\/uploads\/2023\/01\/cristina-martin-sanz.jpg","contentUrl":"https:\/\/fundacioncomillas.es\/wp-content\/uploads\/2023\/01\/cristina-martin-sanz.jpg","width":500,"height":500,"caption":"Cristina Martín Sanz"},{"@type":"BreadcrumbList","@id":"https:\/\/fundacioncomillas.es\/fr\/profesor\/cristina-martin-sanz\/#breadcrumb","itemListElement":[{"@type":"ListItem","position":1,"name":"Portada","item":"https:\/\/fundacioncomillas.es\/fr\/"},{"@type":"ListItem","position":2,"name":"Cristina Martín Sanz (Subdirectora del Departamento en Estudios Hispánicos)"}]},{"@type":"WebSite","@id":"https:\/\/fundacioncomillas.es\/fr\/#website","url":"https:\/\/fundacioncomillas.es\/fr\/","name":"Fundación Comillas","description":"La Fundación Comillas del Español y la Cultura Hispánica","publisher":{"@id":"https:\/\/fundacioncomillas.es\/fr\/#organization"},"potentialAction":[{"@type":"SearchAction","target":{"@type":"EntryPoint","urlTemplate":"https:\/\/fundacioncomillas.es\/fr\/?s={search_term_string}"},"query-input":{"@type":"PropertyValueSpecification","valueRequired":true,"valueName":"search_term_string"}}],"inLanguage":"fr-FR"},{"@type":"Organization","@id":"https:\/\/fundacioncomillas.es\/fr\/#organization","name":"Fundación Comillas","alternateName":"Fundación Comillas - CIESE","url":"https:\/\/fundacioncomillas.es\/fr\/","logo":{"@type":"ImageObject","inLanguage":"fr-FR","@id":"https:\/\/fundacioncomillas.es\/fr\/#\/schema\/logo\/image\/","url":"https:\/\/fundacioncomillas.es\/wp-content\/uploads\/2023\/04\/logo-fundacion-comillas-.png","contentUrl":"https:\/\/fundacioncomillas.es\/wp-content\/uploads\/2023\/04\/logo-fundacion-comillas-.png","width":548,"height":536,"caption":"Fundación Comillas"},"image":{"@id":"https:\/\/fundacioncomillas.es\/fr\/#\/schema\/logo\/image\/"},"sameAs":["https:\/\/www.facebook.com\/ciese.comillas","https:\/\/x.com\/CIESEComillas","https:\/\/www.instagram.com\/uniciesecomillas\/","https:\/\/www.linkedin.com\/company\/fundacion-comillas\/","https:\/\/www.youtube.com\/user\/fundacioncomillas","https:\/\/twitter.com\/FundComillas","https:\/\/www.linkedin.com\/company\/1533960\/admin\/"]}]}</script>
<!-- / Yoast SEO plugin. -->

Cristina Martín Sanz | profesora del CIESE-Fundación Comillas

Cristina Martín Sanz, es profesora del área de literatura en el CIESE-Fundación Comillas, centro universitario adscrito a la Univ. de...

Fundación Comillas

Cristina Martín Sanz

La Fundación Comillas del Español y la Cultura Hispánica

Fundación Comillas - CIESE
